{"id":84,"date":"2014-06-04T09:16:22","date_gmt":"2014-06-04T09:16:22","guid":{"rendered":"http:\/\/wurzeltrieb.ch\/?page_id=84"},"modified":"2017-06-06T07:40:18","modified_gmt":"2017-06-06T07:40:18","slug":"homepage","status":"publish","type":"page","link":"http:\/\/wurzeltrieb.ch\/","title":{"rendered":"Homepage"},"content":{"rendered":"<p><div class=\"et_pb_section et_pb_section_parallax et_section_regular\" style='background-color:#27323a;'>\r\n\t\t\t<div class=\"et_parallax_bg et_pb_parallax_css\" style=\"background-image: url(http:\/\/wurzeltrieb.ch\/wp-content\/uploads\/2014\/06\/wurzeltrieb1.jpg);\"><\/div>\r\n\t\t\t\r\n\t\t\t\t\r\n\t\t\t\t<div class=\"et_pb_row\">\r\n\t\t\t<div class=\"et_pb_column et_pb_column_4_4\">\r\n\t\t\t<hr class=\"et_pb_space\" style='height:400px;' \/><div class=\"et_pb_text et_pb_bg_layout_dark et_pb_text_align_center\">\r\n\t\t\t\n<p style=\"text-align: center;\"><img loading=\"lazy\" class=\"aligncenter wp-image-164 size-full\" src=\"http:\/\/wurzeltrieb.ch\/wp-content\/uploads\/2014\/06\/wurzeltrieb2.png\" alt=\"wurzeltrieb\" width=\"483\" height=\"51\" srcset=\"http:\/\/wurzeltrieb.ch\/wp-content\/uploads\/2014\/06\/wurzeltrieb2.png 483w, http:\/\/wurzeltrieb.ch\/wp-content\/uploads\/2014\/06\/wurzeltrieb2-300x31.png 300w\" sizes=\"(max-width: 483px) 100vw, 483px\" \/><\/p>\n\r\n\t\t<\/div> <!-- .et_pb_text -->\r\n\t\t<\/div> <!-- .et_pb_column -->\r\n\t\t<\/div> <!-- .et_pb_row -->\r\n\t\t\t\r\n\t\t<\/div> <!-- .et_pb_section --><div class=\"et_pb_section et_pb_section_parallax et_section_regular\" style='background-color:#27323a;'>\r\n\t\t\t\r\n\t\t\t\r\n\t\t\t\t\r\n\t\t\t\t<div class=\"et_pb_row\">\r\n\t\t\t<div class=\"et_pb_column et_pb_column_4_4\">\r\n\t\t\t<div class=\"et_pb_text et_pb_bg_layout_light et_pb_text_align_center\">\r\n\t\t\t\n<p><iframe loading=\"lazy\" src=\"https:\/\/tp.srgssr.ch\/p\/srf\/embed?urn=urn:srf:ais:video:e8787726-3356-4950-aef5-b5b8e219a292&amp;start=\" name=\"Wurzeltrieb mit Rhytmusikanten\" width=\"624\" height=\"351\" frameborder=\"0\"><\/iframe><\/p>\n\r\n\t\t<\/div> <!-- .et_pb_text -->\r\n\t\t<\/div> <!-- .et_pb_column -->\r\n\t\t<\/div> <!-- .et_pb_row --><div class=\"et_pb_row\">\r\n\t\t\t<div class=\"et_pb_column et_pb_column_1_2\">\r\n\t\t\t<div class=\"et_pb_text et_pb_bg_layout_dark et_pb_text_align_left\">\r\n\t\t\t\n<h2 style=\"text-align: center;\">Urchige Schwyzer\u00f6rgeli-Musik<\/h2>\n\r\n\t\t<\/div> <!-- .et_pb_text --><div class=\"et_pb_text et_pb_bg_layout_dark et_pb_text_align_left\">\r\n\t\t\t\n<p>Drei der auff\u00e4lligsten Pers\u00f6nlichkeiten der jungen Schweizer Volksmusikgarde geben mit ihrem Namen auch gleich ihr musikalisches Konzept preis.\u00a0Man kennt sie eigentlich als Gew\u00e4chs, das wild ins Kraut schiesst. Aber das Trio sieht sich gleichzeitig stark in der Tradition verwurzelt.\u00a0F\u00fcr die zwei Schwyzer\u00f6rgeler Adrian W\u00fcrsch und Robin Mark sowie den Kontrabassisten Pirmin Huber gelten die grossen Innerschweizer \u00d6rgeli-Pioniere Josef Stump und Balz Schmidig oder der B\u00fcndner Schwyzer\u00f6rgelivirtuose Josias Jenny heute noch als Vorbilder. Dieses Wurzelmaterial erg\u00e4nzen sie zudem mit eigenen Kompositionen.<\/p>\n\r\n\t\t<\/div> <!-- .et_pb_text -->\r\n\t\t<\/div> <!-- .et_pb_column --><div class=\"et_pb_column et_pb_column_1_2\">\r\n\t\t\t<div class=\"et_pb_text et_pb_bg_layout_dark et_pb_text_align_left\">\r\n\t\t\t\n<h2 style=\"text-align: center;\">Exklusive H\u00f6rprobe (LIVE, 2014)<\/h2>\n\r\n\t\t<\/div> <!-- .et_pb_text --><div class=\"et_pb_text et_pb_bg_layout_dark et_pb_text_align_left\">\r\n\t\t\t\n<h2 style=\"text-align: center;\"><iframe loading=\"lazy\" src=\"https:\/\/w.soundcloud.com\/player\/?url=https%3A\/\/api.soundcloud.com\/tracks\/150033638&amp;color=757575&amp;auto_play=false&amp;hide_related=false&amp;show_artwork=false&amp;show_comments=false&amp;show_user=false&amp;show_reposts=false\" width=\"100%\" height=\"166\" frameborder=\"no\" scrolling=\"no\"><\/iframe><\/h2>\n\r\n\t\t<\/div> <!-- .et_pb_text -->\r\n\t\t<\/div> <!-- .et_pb_column -->\r\n\t\t<\/div> <!-- .et_pb_row -->\r\n\t\t\t\r\n\t\t<\/div> <!-- .et_pb_section --><div class=\"et_pb_section et_section_regular\" style='background-color:#2b384c;'>\r\n\t\t\t\r\n\t\t\t\r\n\t\t\t\t\r\n\t\t\t\t<div class=\"et_pb_row\">\r\n\t\t\t<div class=\"et_pb_column et_pb_column_1_3\">\r\n\t\t\t<div class=\"et_pb_blurb et_pb_bg_layout_dark et_pb_text_align_center et_pb_blurb_position_top\">\r\n\t\t\t<div class=\"et_pb_blurb_content\">\r\n\t\t\t\t<div class=\"et_pb_main_blurb_image\"><img src=\"http:\/\/wurzeltrieb.ch\/wp-content\/uploads\/2014\/06\/adrian.jpg\" alt=\"\" class=\"et-waypoint et_pb_animation_off\" \/><\/div>\r\n\t\t\t\t<h4>Adrian W\u00fcrsch<\/h4>\r\n\t\t\t\t\n<p><a href=\"mailto:info@adrianwuersch.ch\" target=\"_blank\">info@adrianwuersch.ch<br \/>\n<\/a><a href=\"http:\/\/adrianwuersch.com\" target=\"_blank\">adrianwuersch.com<\/a><\/p>\n\r\n\t\t\t<\/div> <!-- .et_pb_blurb_content -->\r\n\t\t<\/div> <!-- .et_pb_blurb -->\r\n\t\t<\/div> <!-- .et_pb_column --><div class=\"et_pb_column et_pb_column_1_3\">\r\n\t\t\t<div class=\"et_pb_blurb et_pb_bg_layout_dark et_pb_text_align_center et_pb_blurb_position_top\">\r\n\t\t\t<div class=\"et_pb_blurb_content\">\r\n\t\t\t\t<div class=\"et_pb_main_blurb_image\"><img src=\"http:\/\/wurzeltrieb.ch\/wp-content\/uploads\/2014\/06\/robin2.jpg\" alt=\"\" class=\"et-waypoint et_pb_animation_off\" \/><\/div>\r\n\t\t\t\t<h4>Robin Mark<\/h4>\r\n\t\t\t\t\n<p><a href=\"mailto:info@robinmark.ch\" target=\"_blank\">info@robinmark.ch<\/a><br \/>\n<a href=\"http:\/\/www.robinmark.ch\" target=\"_blank\">robinmark.ch<\/a><\/p>\n\r\n\t\t\t<\/div> <!-- .et_pb_blurb_content -->\r\n\t\t<\/div> <!-- .et_pb_blurb -->\r\n\t\t<\/div> <!-- .et_pb_column --><div class=\"et_pb_column et_pb_column_1_3\">\r\n\t\t\t<div class=\"et_pb_blurb et_pb_bg_layout_dark et_pb_text_align_center et_pb_blurb_position_top\">\r\n\t\t\t<div class=\"et_pb_blurb_content\">\r\n\t\t\t\t<div class=\"et_pb_main_blurb_image\"><img src=\"http:\/\/wurzeltrieb.ch\/wp-content\/uploads\/2014\/06\/pirmin.jpg\" alt=\"\" class=\"et-waypoint et_pb_animation_off\" \/><\/div>\r\n\t\t\t\t<h4>Pirmin Huber<\/h4>\r\n\t\t\t\t\n<p><a href=\"mailto:info@pirminhuber.com\" target=\"_blank\">info@pirminhuber.com<\/a><br \/>\n<a href=\"http:\/\/www.pirminhuber.com\" target=\"_blank\">pirminhuber.com<\/a><\/p>\n\r\n\t\t\t<\/div> <!-- .et_pb_blurb_content -->\r\n\t\t<\/div> <!-- .et_pb_blurb -->\r\n\t\t<\/div> <!-- .et_pb_column -->\r\n\t\t<\/div> <!-- .et_pb_row -->\r\n\t\t\t\r\n\t\t<\/div> <!-- .et_pb_section --><div class=\"et_pb_section et_pb_inner_shadow et_section_regular\" style='background-color:#27323a;'>\r\n\t\t\t\r\n\t\t\t\r\n\t\t\t\t\r\n\t\t\t\t<div class=\"et_pb_row\">\r\n\t\t\t<div class=\"et_pb_column et_pb_column_4_4\">\r\n\t\t\t<div class=\"et_pb_text et_pb_bg_layout_dark et_pb_text_align_left\">\r\n\t\t\t\n<p style=\"text-align: center;\">Konzept, Design und Umsetzung: <a href=\"http:\/\/www.robnicolas.ch\" target=\"_blank\">ROB NICOLAS<\/a><\/p>\n\r\n\t\t<\/div> <!-- .et_pb_text -->\r\n\t\t<\/div> <!-- .et_pb_column -->\r\n\t\t<\/div> <!-- .et_pb_row -->\r\n\t\t\t\r\n\t\t<\/div> <!-- .et_pb_section --><\/p>\n","protected":false},"excerpt":{"rendered":"<p>Wurzeltrieb sind Adrian W\u00fcrsch, Robin Mark und Pirmin Huber. Traditionelle und urchige Schwyzer\u00f6rgeli Musik aus der ganzen Schweiz.<\/p>\n","protected":false},"author":1,"featured_media":0,"parent":0,"menu_order":0,"comment_status":"open","ping_status":"open","template":"page-template-blank.php","meta":[],"_links":{"self":[{"href":"http:\/\/wurzeltrieb.ch\/index.php?rest_route=\/wp\/v2\/pages\/84"}],"collection":[{"href":"http:\/\/wurzeltrieb.ch\/index.php?rest_route=\/wp\/v2\/pages"}],"about":[{"href":"http:\/\/wurzeltrieb.ch\/index.php?rest_route=\/wp\/v2\/types\/page"}],"author":[{"embeddable":true,"href":"http:\/\/wurzeltrieb.ch\/index.php?rest_route=\/wp\/v2\/users\/1"}],"replies":[{"embeddable":true,"href":"http:\/\/wurzeltrieb.ch\/index.php?rest_route=%2Fwp%2Fv2%2Fcomments&post=84"}],"version-history":[{"count":65,"href":"http:\/\/wurzeltrieb.ch\/index.php?rest_route=\/wp\/v2\/pages\/84\/revisions"}],"predecessor-version":[{"id":177,"href":"http:\/\/wurzeltrieb.ch\/index.php?rest_route=\/wp\/v2\/pages\/84\/revisions\/177"}],"wp:attachment":[{"href":"http:\/\/wurzeltrieb.ch\/index.php?rest_route=%2Fwp%2Fv2%2Fmedia&parent=84"}],"curies":[{"name":"wp","href":"https:\/\/api.w.org\/{rel}","templated":true}]}}